{"id":2732,"date":"2024-04-03T11:41:32","date_gmt":"2024-04-03T11:41:32","guid":{"rendered":"https:\/\/xocolalla.es\/tienda\/?post_type=product&#038;p=2732"},"modified":"2024-11-21T21:34:19","modified_gmt":"2024-11-21T21:34:19","slug":"arandanos-con-chocolate-xocoperlas","status":"publish","type":"product","link":"https:\/\/xocolalla.es\/tienda\/grageas-de-chocolate\/arandanos-con-chocolate-xocoperlas\/","title":{"rendered":"Ar\u00e1ndanos con chocolate negro Xocoperlas"},"content":{"rendered":"<p>Las Xocoperlas de ar\u00e1ndanos con chocolate llegan bajo la marca <strong>Delikao By Xocolalla\u00a0<\/strong>para hacer disfruta a los paladares m\u00e1s exquisitos gracias a la combinaci\u00f3n de este n\u00facleo con los mejores chocolates puros.<\/p>\n<p>&nbsp;<\/p>\n<p><em>INGREDIENTES<\/em>: Ar\u00e1ndanos 50% (ar\u00e1ndano 66%, az\u00facar y aceite de girasol) Cobertura de chocolate 52% cacao (50%) az\u00facar, pasta de cacao, manteca de cacao, emulgente (lecitina de SOJA),aroma.<\/p>\n<div><em>AL\u00c9RGENOS<\/em>: PUEDE CONTENER TRAZAS DE FRUTO DE C\u00c1SCARA.<\/div>\n","protected":false},"excerpt":{"rendered":"<p>Ar\u00e1ndanos rojos deshidratados cubiertos con un exquisito chocolate negro puro.<\/p>\n<p>Bote 200 g.<\/p>\n","protected":false},"featured_media":2733,"comment_status":"open","ping_status":"closed","template":"","meta":{"site-sidebar-layout":"default","site-content-layout":"default","ast-global-header-display":"","ast-main-header-display":"","ast-hfb-above-header-display":"","ast-hfb-below-header-display":"","ast-hfb-mobile-header-display":"","site-post-title":"","ast-breadcrumbs-content":"","ast-featured-img":"","footer-sml-layout":"","theme-transparent-header-meta":"default","adv-header-id-meta":"","stick-header-meta":"default","header-above-stick-meta":"","header-main-stick-meta":"","header-below-stick-meta":"","_themeisle_gutenberg_block_has_review":false},"product_cat":[145],"product_tag":[],"class_list":["post-2732","product","type-product","status-publish","has-post-thumbnail","hentry","product_cat-grageas-de-chocolate","ast-product-gallery-layout-horizontal-slider","ast-product-gallery-with-no-image","ast-product-tabs-layout-horizontal"],"yoast_head":"<!-- This site is optimized with the Yoast SEO plugin v19.9 - https:\/\/yoast.com\/wordpress\/plugins\/seo\/ -->\n<title>Ar\u00e1ndanos con chocolate negro Xocoperlas Xocolalla<\/title>\n<meta name=\"description\" content=\"Grageas de ar\u00e1ndanos rojos deshidratados con chocolate negro puro. \u00a1Una explosi\u00f3n de sabor!.\" \/>\n<meta name=\"robots\" content=\"index, follow, max-snippet:-1, max-image-preview:large, max-video-preview:-1\" \/>\n<link rel=\"canonical\" href=\"https:\/\/xocolalla.es\/tienda\/grageas-de-chocolate\/arandanos-con-chocolate-xocoperlas\/\" \/>\n<meta property=\"og:locale\" content=\"es_ES\" \/>\n<meta property=\"og:type\" content=\"article\" \/>\n<meta property=\"og:title\" content=\"Ar\u00e1ndanos con chocolate negro Xocoperlas Xocolalla\" \/>\n<meta property=\"og:description\" content=\"Grageas de ar\u00e1ndanos rojos deshidratados con chocolate negro puro. \u00a1Una explosi\u00f3n de sabor!.\" \/>\n<meta property=\"og:url\" content=\"https:\/\/xocolalla.es\/tienda\/grageas-de-chocolate\/arandanos-con-chocolate-xocoperlas\/\" \/>\n<meta property=\"og:site_name\" content=\"Xocolalla\" \/>\n<meta property=\"article:modified_time\" content=\"2024-11-21T21:34:19+00:00\" \/>\n<meta property=\"og:image\" content=\"https:\/\/xocolalla.es\/tienda\/wp-content\/uploads\/2024\/04\/arandanos-editada-scaled.jpg\" \/>\n\t<meta property=\"og:image:width\" content=\"2560\" \/>\n\t<meta property=\"og:image:height\" content=\"1706\" \/>\n\t<meta property=\"og:image:type\" content=\"image\/jpeg\" \/>\n<meta name=\"twitter:card\" content=\"summary_large_image\" \/>\n<meta name=\"twitter:label1\" content=\"Tiempo de lectura\" \/>\n\t<meta name=\"twitter:data1\" content=\"1 minuto\" \/>\n<script type=\"application\/ld+json\" class=\"yoast-schema-graph\">{\"@context\":\"https:\/\/schema.org\",\"@graph\":[{\"@type\":\"WebPage\",\"@id\":\"https:\/\/xocolalla.es\/tienda\/grageas-de-chocolate\/arandanos-con-chocolate-xocoperlas\/\",\"url\":\"https:\/\/xocolalla.es\/tienda\/grageas-de-chocolate\/arandanos-con-chocolate-xocoperlas\/\",\"name\":\"Ar\u00e1ndanos con chocolate negro Xocoperlas Xocolalla\",\"isPartOf\":{\"@id\":\"https:\/\/xocolalla.es\/tienda\/#website\"},\"datePublished\":\"2024-04-03T11:41:32+00:00\",\"dateModified\":\"2024-11-21T21:34:19+00:00\",\"description\":\"Grageas de ar\u00e1ndanos rojos deshidratados con chocolate negro puro. \u00a1Una explosi\u00f3n de sabor!.\",\"breadcrumb\":{\"@id\":\"https:\/\/xocolalla.es\/tienda\/grageas-de-chocolate\/arandanos-con-chocolate-xocoperlas\/#breadcrumb\"},\"inLanguage\":\"es\",\"potentialAction\":[{\"@type\":\"ReadAction\",\"target\":[\"https:\/\/xocolalla.es\/tienda\/grageas-de-chocolate\/arandanos-con-chocolate-xocoperlas\/\"]}]},{\"@type\":\"BreadcrumbList\",\"@id\":\"https:\/\/xocolalla.es\/tienda\/grageas-de-chocolate\/arandanos-con-chocolate-xocoperlas\/#breadcrumb\",\"itemListElement\":[{\"@type\":\"ListItem\",\"position\":1,\"name\":\"Portada\",\"item\":\"https:\/\/xocolalla.es\/tienda\/tienda\/\"},{\"@type\":\"ListItem\",\"position\":2,\"name\":\"Tienda\",\"item\":\"https:\/\/xocolalla.es\/tienda\/tienda\/\"},{\"@type\":\"ListItem\",\"position\":3,\"name\":\"Ar\u00e1ndanos con chocolate negro Xocoperlas\"}]},{\"@type\":\"WebSite\",\"@id\":\"https:\/\/xocolalla.es\/tienda\/#website\",\"url\":\"https:\/\/xocolalla.es\/tienda\/\",\"name\":\"xocolalla.es\",\"description\":\"El eCommerce de productos de chocolate\",\"publisher\":{\"@id\":\"https:\/\/xocolalla.es\/tienda\/#organization\"},\"alternateName\":\"xocolalla.es\",\"potentialAction\":[{\"@type\":\"SearchAction\",\"target\":{\"@type\":\"EntryPoint\",\"urlTemplate\":\"https:\/\/xocolalla.es\/tienda\/?s={search_term_string}\"},\"query-input\":\"required name=search_term_string\"}],\"inLanguage\":\"es\"},{\"@type\":\"Organization\",\"@id\":\"https:\/\/xocolalla.es\/tienda\/#organization\",\"name\":\"Xocolalla, S.L.\",\"alternateName\":\"Xocolalla\",\"url\":\"https:\/\/xocolalla.es\/tienda\/\",\"logo\":{\"@type\":\"ImageObject\",\"inLanguage\":\"es\",\"@id\":\"https:\/\/xocolalla.es\/tienda\/#\/schema\/logo\/image\/\",\"url\":\"https:\/\/xocolalla.es\/tienda\/wp-content\/uploads\/2022\/07\/cropped-cropped-Recurso-5.png\",\"contentUrl\":\"https:\/\/xocolalla.es\/tienda\/wp-content\/uploads\/2022\/07\/cropped-cropped-Recurso-5.png\",\"width\":1664,\"height\":646,\"caption\":\"Xocolalla, S.L.\"},\"image\":{\"@id\":\"https:\/\/xocolalla.es\/tienda\/#\/schema\/logo\/image\/\"}}]}<\/script>\n<!-- \/ Yoast SEO plugin. -->","yoast_head_json":{"title":"Ar\u00e1ndanos con chocolate negro Xocoperlas Xocolalla","description":"Grageas de ar\u00e1ndanos rojos deshidratados con chocolate negro puro. \u00a1Una explosi\u00f3n de sabor!.","robots":{"index":"index","follow":"follow","max-snippet":"max-snippet:-1","max-image-preview":"max-image-preview:large","max-video-preview":"max-video-preview:-1"},"canonical":"https:\/\/xocolalla.es\/tienda\/grageas-de-chocolate\/arandanos-con-chocolate-xocoperlas\/","og_locale":"es_ES","og_type":"article","og_title":"Ar\u00e1ndanos con chocolate negro Xocoperlas Xocolalla","og_description":"Grageas de ar\u00e1ndanos rojos deshidratados con chocolate negro puro. \u00a1Una explosi\u00f3n de sabor!.","og_url":"https:\/\/xocolalla.es\/tienda\/grageas-de-chocolate\/arandanos-con-chocolate-xocoperlas\/","og_site_name":"Xocolalla","article_modified_time":"2024-11-21T21:34:19+00:00","og_image":[{"width":2560,"height":1706,"url":"https:\/\/xocolalla.es\/tienda\/wp-content\/uploads\/2024\/04\/arandanos-editada-scaled.jpg","type":"image\/jpeg"}],"twitter_card":"summary_large_image","twitter_misc":{"Tiempo de lectura":"1 minuto"},"schema":{"@context":"https:\/\/schema.org","@graph":[{"@type":"WebPage","@id":"https:\/\/xocolalla.es\/tienda\/grageas-de-chocolate\/arandanos-con-chocolate-xocoperlas\/","url":"https:\/\/xocolalla.es\/tienda\/grageas-de-chocolate\/arandanos-con-chocolate-xocoperlas\/","name":"Ar\u00e1ndanos con chocolate negro Xocoperlas Xocolalla","isPartOf":{"@id":"https:\/\/xocolalla.es\/tienda\/#website"},"datePublished":"2024-04-03T11:41:32+00:00","dateModified":"2024-11-21T21:34:19+00:00","description":"Grageas de ar\u00e1ndanos rojos deshidratados con chocolate negro puro. \u00a1Una explosi\u00f3n de sabor!.","breadcrumb":{"@id":"https:\/\/xocolalla.es\/tienda\/grageas-de-chocolate\/arandanos-con-chocolate-xocoperlas\/#breadcrumb"},"inLanguage":"es","potentialAction":[{"@type":"ReadAction","target":["https:\/\/xocolalla.es\/tienda\/grageas-de-chocolate\/arandanos-con-chocolate-xocoperlas\/"]}]},{"@type":"BreadcrumbList","@id":"https:\/\/xocolalla.es\/tienda\/grageas-de-chocolate\/arandanos-con-chocolate-xocoperlas\/#breadcrumb","itemListElement":[{"@type":"ListItem","position":1,"name":"Portada","item":"https:\/\/xocolalla.es\/tienda\/tienda\/"},{"@type":"ListItem","position":2,"name":"Tienda","item":"https:\/\/xocolalla.es\/tienda\/tienda\/"},{"@type":"ListItem","position":3,"name":"Ar\u00e1ndanos con chocolate negro Xocoperlas"}]},{"@type":"WebSite","@id":"https:\/\/xocolalla.es\/tienda\/#website","url":"https:\/\/xocolalla.es\/tienda\/","name":"xocolalla.es","description":"El eCommerce de productos de chocolate","publisher":{"@id":"https:\/\/xocolalla.es\/tienda\/#organization"},"alternateName":"xocolalla.es","potentialAction":[{"@type":"SearchAction","target":{"@type":"EntryPoint","urlTemplate":"https:\/\/xocolalla.es\/tienda\/?s={search_term_string}"},"query-input":"required name=search_term_string"}],"inLanguage":"es"},{"@type":"Organization","@id":"https:\/\/xocolalla.es\/tienda\/#organization","name":"Xocolalla, S.L.","alternateName":"Xocolalla","url":"https:\/\/xocolalla.es\/tienda\/","logo":{"@type":"ImageObject","inLanguage":"es","@id":"https:\/\/xocolalla.es\/tienda\/#\/schema\/logo\/image\/","url":"https:\/\/xocolalla.es\/tienda\/wp-content\/uploads\/2022\/07\/cropped-cropped-Recurso-5.png","contentUrl":"https:\/\/xocolalla.es\/tienda\/wp-content\/uploads\/2022\/07\/cropped-cropped-Recurso-5.png","width":1664,"height":646,"caption":"Xocolalla, S.L."},"image":{"@id":"https:\/\/xocolalla.es\/tienda\/#\/schema\/logo\/image\/"}}]}},"_links":{"self":[{"href":"https:\/\/xocolalla.es\/tienda\/wp-json\/wp\/v2\/product\/2732","targetHints":{"allow":["GET"]}}],"collection":[{"href":"https:\/\/xocolalla.es\/tienda\/wp-json\/wp\/v2\/product"}],"about":[{"href":"https:\/\/xocolalla.es\/tienda\/wp-json\/wp\/v2\/types\/product"}],"replies":[{"embeddable":true,"href":"https:\/\/xocolalla.es\/tienda\/wp-json\/wp\/v2\/comments?post=2732"}],"wp:featuredmedia":[{"embeddable":true,"href":"https:\/\/xocolalla.es\/tienda\/wp-json\/wp\/v2\/media\/2733"}],"wp:attachment":[{"href":"https:\/\/xocolalla.es\/tienda\/wp-json\/wp\/v2\/media?parent=2732"}],"wp:term":[{"taxonomy":"product_cat","embeddable":true,"href":"https:\/\/xocolalla.es\/tienda\/wp-json\/wp\/v2\/product_cat?post=2732"},{"taxonomy":"product_tag","embeddable":true,"href":"https:\/\/xocolalla.es\/tienda\/wp-json\/wp\/v2\/product_tag?post=2732"}],"curies":[{"name":"wp","href":"https:\/\/api.w.org\/{rel}","templated":true}]}}