{"id":697,"date":"2022-07-21T11:41:48","date_gmt":"2022-07-21T11:41:48","guid":{"rendered":"https:\/\/xocolalla.es\/?post_type=product&#038;p=697"},"modified":"2025-12-04T12:13:21","modified_gmt":"2025-12-04T12:13:21","slug":"turron-de-chocolate-con-almendras-2","status":"publish","type":"product","link":"https:\/\/xocolalla.es\/tienda\/turrones-de-chocolate\/turron-de-chocolate-con-almendras-2\/","title":{"rendered":"Turr\u00f3n de Chocolate con Almendras Xocolalla"},"content":{"rendered":"<p><strong><em>Ingredientes: Almendras<\/em><\/strong> (45%), az\u00facar, grasa vegetal hidrogena (aceite de girasol), cacao en polvo (8%), <strong>s\u00f3lidos l\u00e1cteos<\/strong>, <strong><em>avellana<\/em><\/strong>, emulgente (<strong><em>E-322)<\/em><\/strong> y aroma de vainilla.<\/p>\n","protected":false},"excerpt":{"rendered":"<p>Turr\u00f3n de chocolate con leche con almendras. Bolsa Doypack de 200g.<\/p>\n","protected":false},"featured_media":1051,"comment_status":"open","ping_status":"closed","template":"","meta":{"site-sidebar-layout":"default","site-content-layout":"default","ast-global-header-display":"","ast-main-header-display":"","ast-hfb-above-header-display":"","ast-hfb-below-header-display":"","ast-hfb-mobile-header-display":"","site-post-title":"","ast-breadcrumbs-content":"","ast-featured-img":"","footer-sml-layout":"","theme-transparent-header-meta":"default","adv-header-id-meta":"","stick-header-meta":"default","header-above-stick-meta":"","header-main-stick-meta":"","header-below-stick-meta":"","_themeisle_gutenberg_block_has_review":false},"product_cat":[27],"product_tag":[],"class_list":["post-697","product","type-product","status-publish","has-post-thumbnail","hentry","product_cat-turrones-de-chocolate","wcmi-has-gallery","ast-product-gallery-layout-horizontal-slider","ast-product-tabs-layout-horizontal"],"yoast_head":"<!-- This site is optimized with the Yoast SEO plugin v19.9 - https:\/\/yoast.com\/wordpress\/plugins\/seo\/ -->\n<title>Turr\u00f3n de Chocolate con Almendras Xocolalla - Xocolalla<\/title>\n<meta name=\"description\" content=\"Disfruta del aut\u00e9ntico sabor de la Navidad con nuestro turr\u00f3n con almendras. \u00a1Haz de tu Navidad algo especial con la mejor calidad!\" \/>\n<meta name=\"robots\" content=\"index, follow, max-snippet:-1, max-image-preview:large, max-video-preview:-1\" \/>\n<link rel=\"canonical\" href=\"https:\/\/xocolalla.es\/tienda\/turrones-de-chocolate\/turron-de-chocolate-con-almendras-2\/\" \/>\n<meta property=\"og:locale\" content=\"es_ES\" \/>\n<meta property=\"og:type\" content=\"article\" \/>\n<meta property=\"og:title\" content=\"Turr\u00f3n de Chocolate con Almendras Xocolalla - Xocolalla\" \/>\n<meta property=\"og:description\" content=\"Disfruta del aut\u00e9ntico sabor de la Navidad con nuestro turr\u00f3n con almendras. \u00a1Haz de tu Navidad algo especial con la mejor calidad!\" \/>\n<meta property=\"og:url\" content=\"https:\/\/xocolalla.es\/tienda\/turrones-de-chocolate\/turron-de-chocolate-con-almendras-2\/\" \/>\n<meta property=\"og:site_name\" content=\"Xocolalla\" \/>\n<meta property=\"article:modified_time\" content=\"2025-12-04T12:13:21+00:00\" \/>\n<meta property=\"og:image\" content=\"https:\/\/xocolalla.es\/tienda\/wp-content\/uploads\/2022\/07\/bolsa-surti.jpg33.jpg\" \/>\n\t<meta property=\"og:image:width\" content=\"1000\" \/>\n\t<meta property=\"og:image:height\" content=\"667\" \/>\n\t<meta property=\"og:image:type\" content=\"image\/jpeg\" \/>\n<meta name=\"twitter:card\" content=\"summary_large_image\" \/>\n<meta name=\"twitter:label1\" content=\"Tiempo de lectura\" \/>\n\t<meta name=\"twitter:data1\" content=\"1 minuto\" \/>\n<script type=\"application\/ld+json\" class=\"yoast-schema-graph\">{\"@context\":\"https:\/\/schema.org\",\"@graph\":[{\"@type\":\"WebPage\",\"@id\":\"https:\/\/xocolalla.es\/tienda\/turrones-de-chocolate\/turron-de-chocolate-con-almendras-2\/\",\"url\":\"https:\/\/xocolalla.es\/tienda\/turrones-de-chocolate\/turron-de-chocolate-con-almendras-2\/\",\"name\":\"Turr\u00f3n de Chocolate con Almendras Xocolalla - Xocolalla\",\"isPartOf\":{\"@id\":\"https:\/\/xocolalla.es\/tienda\/#website\"},\"datePublished\":\"2022-07-21T11:41:48+00:00\",\"dateModified\":\"2025-12-04T12:13:21+00:00\",\"description\":\"Disfruta del aut\u00e9ntico sabor de la Navidad con nuestro turr\u00f3n con almendras. \u00a1Haz de tu Navidad algo especial con la mejor calidad!\",\"breadcrumb\":{\"@id\":\"https:\/\/xocolalla.es\/tienda\/turrones-de-chocolate\/turron-de-chocolate-con-almendras-2\/#breadcrumb\"},\"inLanguage\":\"es\",\"potentialAction\":[{\"@type\":\"ReadAction\",\"target\":[\"https:\/\/xocolalla.es\/tienda\/turrones-de-chocolate\/turron-de-chocolate-con-almendras-2\/\"]}]},{\"@type\":\"BreadcrumbList\",\"@id\":\"https:\/\/xocolalla.es\/tienda\/turrones-de-chocolate\/turron-de-chocolate-con-almendras-2\/#breadcrumb\",\"itemListElement\":[{\"@type\":\"ListItem\",\"position\":1,\"name\":\"Portada\",\"item\":\"https:\/\/xocolalla.es\/tienda\/tienda\/\"},{\"@type\":\"ListItem\",\"position\":2,\"name\":\"Tienda\",\"item\":\"https:\/\/xocolalla.es\/tienda\/tienda\/\"},{\"@type\":\"ListItem\",\"position\":3,\"name\":\"Turr\u00f3n de Chocolate con Almendras Xocolalla\"}]},{\"@type\":\"WebSite\",\"@id\":\"https:\/\/xocolalla.es\/tienda\/#website\",\"url\":\"https:\/\/xocolalla.es\/tienda\/\",\"name\":\"xocolalla.es\",\"description\":\"El eCommerce de productos de chocolate\",\"publisher\":{\"@id\":\"https:\/\/xocolalla.es\/tienda\/#organization\"},\"alternateName\":\"xocolalla.es\",\"potentialAction\":[{\"@type\":\"SearchAction\",\"target\":{\"@type\":\"EntryPoint\",\"urlTemplate\":\"https:\/\/xocolalla.es\/tienda\/?s={search_term_string}\"},\"query-input\":\"required name=search_term_string\"}],\"inLanguage\":\"es\"},{\"@type\":\"Organization\",\"@id\":\"https:\/\/xocolalla.es\/tienda\/#organization\",\"name\":\"Xocolalla, S.L.\",\"alternateName\":\"Xocolalla\",\"url\":\"https:\/\/xocolalla.es\/tienda\/\",\"logo\":{\"@type\":\"ImageObject\",\"inLanguage\":\"es\",\"@id\":\"https:\/\/xocolalla.es\/tienda\/#\/schema\/logo\/image\/\",\"url\":\"https:\/\/xocolalla.es\/tienda\/wp-content\/uploads\/2022\/07\/cropped-cropped-Recurso-5.png\",\"contentUrl\":\"https:\/\/xocolalla.es\/tienda\/wp-content\/uploads\/2022\/07\/cropped-cropped-Recurso-5.png\",\"width\":1664,\"height\":646,\"caption\":\"Xocolalla, S.L.\"},\"image\":{\"@id\":\"https:\/\/xocolalla.es\/tienda\/#\/schema\/logo\/image\/\"}}]}<\/script>\n<!-- \/ Yoast SEO plugin. -->","yoast_head_json":{"title":"Turr\u00f3n de Chocolate con Almendras Xocolalla - Xocolalla","description":"Disfruta del aut\u00e9ntico sabor de la Navidad con nuestro turr\u00f3n con almendras. \u00a1Haz de tu Navidad algo especial con la mejor calidad!","robots":{"index":"index","follow":"follow","max-snippet":"max-snippet:-1","max-image-preview":"max-image-preview:large","max-video-preview":"max-video-preview:-1"},"canonical":"https:\/\/xocolalla.es\/tienda\/turrones-de-chocolate\/turron-de-chocolate-con-almendras-2\/","og_locale":"es_ES","og_type":"article","og_title":"Turr\u00f3n de Chocolate con Almendras Xocolalla - Xocolalla","og_description":"Disfruta del aut\u00e9ntico sabor de la Navidad con nuestro turr\u00f3n con almendras. \u00a1Haz de tu Navidad algo especial con la mejor calidad!","og_url":"https:\/\/xocolalla.es\/tienda\/turrones-de-chocolate\/turron-de-chocolate-con-almendras-2\/","og_site_name":"Xocolalla","article_modified_time":"2025-12-04T12:13:21+00:00","og_image":[{"width":1000,"height":667,"url":"https:\/\/xocolalla.es\/tienda\/wp-content\/uploads\/2022\/07\/bolsa-surti.jpg33.jpg","type":"image\/jpeg"}],"twitter_card":"summary_large_image","twitter_misc":{"Tiempo de lectura":"1 minuto"},"schema":{"@context":"https:\/\/schema.org","@graph":[{"@type":"WebPage","@id":"https:\/\/xocolalla.es\/tienda\/turrones-de-chocolate\/turron-de-chocolate-con-almendras-2\/","url":"https:\/\/xocolalla.es\/tienda\/turrones-de-chocolate\/turron-de-chocolate-con-almendras-2\/","name":"Turr\u00f3n de Chocolate con Almendras Xocolalla - Xocolalla","isPartOf":{"@id":"https:\/\/xocolalla.es\/tienda\/#website"},"datePublished":"2022-07-21T11:41:48+00:00","dateModified":"2025-12-04T12:13:21+00:00","description":"Disfruta del aut\u00e9ntico sabor de la Navidad con nuestro turr\u00f3n con almendras. \u00a1Haz de tu Navidad algo especial con la mejor calidad!","breadcrumb":{"@id":"https:\/\/xocolalla.es\/tienda\/turrones-de-chocolate\/turron-de-chocolate-con-almendras-2\/#breadcrumb"},"inLanguage":"es","potentialAction":[{"@type":"ReadAction","target":["https:\/\/xocolalla.es\/tienda\/turrones-de-chocolate\/turron-de-chocolate-con-almendras-2\/"]}]},{"@type":"BreadcrumbList","@id":"https:\/\/xocolalla.es\/tienda\/turrones-de-chocolate\/turron-de-chocolate-con-almendras-2\/#breadcrumb","itemListElement":[{"@type":"ListItem","position":1,"name":"Portada","item":"https:\/\/xocolalla.es\/tienda\/tienda\/"},{"@type":"ListItem","position":2,"name":"Tienda","item":"https:\/\/xocolalla.es\/tienda\/tienda\/"},{"@type":"ListItem","position":3,"name":"Turr\u00f3n de Chocolate con Almendras Xocolalla"}]},{"@type":"WebSite","@id":"https:\/\/xocolalla.es\/tienda\/#website","url":"https:\/\/xocolalla.es\/tienda\/","name":"xocolalla.es","description":"El eCommerce de productos de chocolate","publisher":{"@id":"https:\/\/xocolalla.es\/tienda\/#organization"},"alternateName":"xocolalla.es","potentialAction":[{"@type":"SearchAction","target":{"@type":"EntryPoint","urlTemplate":"https:\/\/xocolalla.es\/tienda\/?s={search_term_string}"},"query-input":"required name=search_term_string"}],"inLanguage":"es"},{"@type":"Organization","@id":"https:\/\/xocolalla.es\/tienda\/#organization","name":"Xocolalla, S.L.","alternateName":"Xocolalla","url":"https:\/\/xocolalla.es\/tienda\/","logo":{"@type":"ImageObject","inLanguage":"es","@id":"https:\/\/xocolalla.es\/tienda\/#\/schema\/logo\/image\/","url":"https:\/\/xocolalla.es\/tienda\/wp-content\/uploads\/2022\/07\/cropped-cropped-Recurso-5.png","contentUrl":"https:\/\/xocolalla.es\/tienda\/wp-content\/uploads\/2022\/07\/cropped-cropped-Recurso-5.png","width":1664,"height":646,"caption":"Xocolalla, S.L."},"image":{"@id":"https:\/\/xocolalla.es\/tienda\/#\/schema\/logo\/image\/"}}]}},"_links":{"self":[{"href":"https:\/\/xocolalla.es\/tienda\/wp-json\/wp\/v2\/product\/697","targetHints":{"allow":["GET"]}}],"collection":[{"href":"https:\/\/xocolalla.es\/tienda\/wp-json\/wp\/v2\/product"}],"about":[{"href":"https:\/\/xocolalla.es\/tienda\/wp-json\/wp\/v2\/types\/product"}],"replies":[{"embeddable":true,"href":"https:\/\/xocolalla.es\/tienda\/wp-json\/wp\/v2\/comments?post=697"}],"wp:featuredmedia":[{"embeddable":true,"href":"https:\/\/xocolalla.es\/tienda\/wp-json\/wp\/v2\/media\/1051"}],"wp:attachment":[{"href":"https:\/\/xocolalla.es\/tienda\/wp-json\/wp\/v2\/media?parent=697"}],"wp:term":[{"taxonomy":"product_cat","embeddable":true,"href":"https:\/\/xocolalla.es\/tienda\/wp-json\/wp\/v2\/product_cat?post=697"},{"taxonomy":"product_tag","embeddable":true,"href":"https:\/\/xocolalla.es\/tienda\/wp-json\/wp\/v2\/product_tag?post=697"}],"curies":[{"name":"wp","href":"https:\/\/api.w.org\/{rel}","templated":true}]}}